77, 6047
What are the prime factors of 5345109754?
2, 19, 43, 569, 5749
List the prime factors of 1839364950.
2, 3, 5, 12262433
What are the prime factors of 6296969?
7, 61, 14747
What are the prime factors of 3481230713?
3481230713
List the prime factors of 1402652339.
11, 127513849
List the prime factors of 146564413.
911, 160883
List the prime factors of 88547821.
193, 458797
What are the prime factors of 38418268?
2, 7, 1372081
List the prime factors of 8583673961.
7669, 1119269
What are the prime factors of 77583398?
2, 41, 349, 2711
What are the prime factors of 296509228?
2, 74127307
List the prime factors of 261415708.
2, 65353927
What are the prime factors of 132504855?
3, 5, 7, 59, 73, 293
What are the prime factors of 93707994?
2, 3, 15617999
What are the prime factors of 835895453?
37, 179, 126211
List the prime factors of 2319768.
2, 3, 11, 29, 101
What are the prime factors of 37663148?
2, 971, 9697
What are the prime factors of 1763635798?
2, 43, 137, 149689
List the prime factors of 3888435618.
2, 3, 1021, 23509
What are the prime factors of 175356295?
5, 47, 746197
List the prime factors of 90952887.
3, 151, 200779
List the prime factors of 10468035.
3, 5, 25847
List the prime factors of 3136210813.
17, 19, 9709631
What are the prime factors of 542464394?
2, 421, 644257
List the prime factors of 158668353.
3, 17629817
What are the prime factors of 50211488?
2, 1223, 1283
What are the prime factors of 394222853?
7937, 49669
List the prime factors of 79085715.
3, 5, 79, 66739
List the prime factors of 68292904.
2, 89, 95917
What are the prime factors of 268547936?
2, 8392123
List the prime factors of 139950028.
2, 1699, 20593
What are the prime factors of 486650307?
3, 11, 13, 23, 31, 37, 43
List the prime factors of 1187673524.
2, 349, 659, 1291
List the prime factors of 995174145.
3, 5, 7, 281, 11243
List the prime factors of 294683590.
2, 5, 23, 883, 1451
What are the prime factors of 1243378205?
5, 389, 639269
What are the prime factors of 6808220571?
3, 17, 59, 2262619
What are the prime factors of 1380998016?
2, 3, 23, 52121
What are the prime factors of 1220420176?
2, 76276261
What are the prime factors of 362605934?
2, 337, 537991
List the prime factors of 3736445.
5, 19, 37, 1063
List the prime factors of 2941735732.
2, 13, 41, 1379801
List the prime factors of 217003935.
3, 5, 47, 317, 971
What are the prime factors of 585044468?
2, 23, 6359179
What are the prime factors of 129411690?
2, 3, 5, 53, 199, 409
List the prime factors of 17846901.
3, 1982989
What are the prime factors of 657824159?
71, 1381, 6709
List the prime factors of 2380224688.
2, 10369, 14347
What are the prime factors of 59995568?
2, 71, 52813
List the prime factors of 142935115.
5, 28587023
List the prime factors of 37364368.
2, 17, 137369
What are the prime factors of 829714225?
5, 31, 179, 5981
What are the prime factors of 438774299?
438774299
List the prime factors of 15063584.
2, 61, 7717
List the prime factors of 120705233.
11, 19, 577537
What are the prime factors of 71557113?
3, 463, 51517
List the prime factors of 1439028276.
2, 3, 7, 2447327
List the prime factors of 31822409.
23, 1383583
List the prime factors of 73679562.
2, 3, 11, 33829
What are the prime factors of 7178885?
5, 7, 205111
What are the prime factors of 482852364?
2, 3, 1231, 32687
What are the prime factors of 114648597?
3, 7, 1819819
List the prime factors of 3751031.
31, 121001
What are the prime factors of 1895113689?
3, 7, 59, 331, 4621
What are the prime factors of 26670574?
2, 7, 1905041
List the prime factors of 170420500.
2, 5, 19, 17939
List the prime factors of 69025595.
5, 13805119
What are the prime factors of 39893843?
11, 73, 49681
List the prime factors of 1216080048.
2, 3, 71, 356831
What are the prime factors of 2920108235?
5, 11, 67, 71, 11161
List the prime factors of 2744874.
2, 3, 11, 4621
List the prime factors of 261412337.
261412337
What are the prime factors of 213604180?
2, 5, 10680209
List the prime factors of 416336436.
2, 3, 19, 67631
List the prime factors of 538851697.
29, 18581093
List the prime factors of 575831978.
2, 433, 664933
List the prime factors of 270955427.
43, 89, 101, 701
What are the prime factors of 1068288146?
2, 4271, 125063
What are the prime factors of 21658978?
2, 11, 227, 4337
List the prime factors of 920153949.
3, 11, 13, 593, 3617
List the prime factors of 14553540.
2, 3, 5, 26951
What are the prime factors of 80136677?
80136677
List the prime factors of 487070714.
2, 13, 347, 53987
What are the prime factors of 2987787951?
3, 691, 53381
List the prime factors of 566827844.
2, 11, 79, 179, 911
What are the prime factors of 4484968766?
2, 23, 97499321
What are the prime factors of 137218625?
5, 97, 11317
List the prime factors of 62944603.
149, 227, 1861
What are the prime factors of 71447104?
2, 61, 18301
What are the prime factors of 75766092?
2, 3, 263, 24007
What are the prime factors of 180053871?
3, 60017957
List the prime factors of 6938296.
2, 31, 101, 277
What are the prime factors of 103692177?
3, 19, 202129
What are the prime factors of 127250981?
11, 13, 80897
List the prime factors of 890170045.
5, 19, 493169
List the prime factors of 741286970.
2, 5, 41, 1808017
What are the prime factors of 231546212?
2, 4391, 13183
List the prime factors of 201512470.
2, 5, 139, 144973
List the prime factors of 30014405.
5, 6002881
What are the prime factors of 2959838361?
3, 167, 656429
List the prime factors of 603186728.
2, 37, 2037793
List the prime factors of 84788530.
2, 5, 8478853
What are the prime factors of 158611379?
158611379
What are the prime factors of 207042371?
17, 617, 19739
List the prime factors of 223035535.
5, 499, 89393
List the prime factors of 190812866.
2, 29, 3289877
List the prime factors of 372833663.
372833663
What are the prime factors of 22417571?
11, 23, 88607
List the prime factors of 98631444.
2, 3, 149, 55163
What are the prime factors of 3200009218?
2, 7, 228572087
List the prime factors of 98342385.
3, 5, 19, 31, 11131
List the prime factors of 1125879600.
2, 3, 5, 938233
What are the prime factors of 226686446?
2, 7, 29, 31, 83
What are the prime factors of 241021647?
3, 653, 41011
What are the prime factors of 3391922564?
2, 7789, 108869
List the prime factors of 43629890.
2, 5, 19, 229631
List the prime factors of 33376487.
33376487
What are the prime factors of 104396650?
2, 5, 1187, 1759
List the prime factors of 26612712.
2, 3, 7, 5867
What are the prime factors of 880243687?
491, 1792757
List the prime factors of 3956486159.
3956486159
List the prime factors of 78006558.
2, 3, 7, 43, 47, 919
What are the prime factors of 1458470062?
2, 7, 5323, 19571
What are the prime factors of 6221605238?
2, 3110802619
What are the prime factors of 657525811?
131, 5019281
List the prime factors of 1638115375.
5, 13, 173, 5827
What are the prime factors of 96218025?
3, 5, 1282907
List the prime factors of 134721982.
2, 41, 1642951
What are the prime factors of 8983399279?
587, 1163, 13159
What are the prime factors of 802188212?
2, 7, 439, 9323
What are the prime factors of 3973481228?
2, 97, 10240931
What are the prime factors of 827662183?
827662183
List the prime factors of 103971981.
3, 251, 138077
What are the prime factors of 5823636763?
7, 71, 11717579
What are the prime factors of 18919401?
3, 6306467
List the prime factors of 771037877.
29, 26587513
List the prime factors of 822485627.
822485627
List the prime factors of 4033069900.
2, 5, 61, 557, 1187
List the prime factors of 369611679.
3, 23, 41, 130651
What are the prime factors of 439677663?
3, 146559221
What are the prime factors of 90365357?
90365357
What are the prime factors of 1164664898?
2, 373, 1561213
List the prime factors of 2111985697.
29, 3023, 24091
What are the prime factors of 1009524726?
2, 3, 7, 79, 101419
What are the prime factors of 148178689?
773, 191693
List the prime factors of 3012045847.
83, 36289709
List the prime factors of 1508193919.
67, 22510357
List the prime factors of 2532497461.
13, 4621, 42157
List the prime factors of 988082853.
3, 43, 59, 197, 659
List the prime factors of 431298648.
2, 3, 11, 181523
List the prime factors of 650231852.
2, 29, 5605447
What are the prime factors of 497